Is 93131303 composite?
True
Is 85694363 prime?
False
Is 55764329 composite?
False
Is 13726513 a prime number?
False
Is 201031 a prime number?
True
Is 27684487 a prime number?
True
Is 6683367 prime?
False
Is 8865911 a prime number?
True
Is 788839 prime?
False
Is 23205317 a composite number?
True
Is 17988037 a composite number?
False
Is 174297961 a composite number?
False
Is 44716057 a prime number?
False
Is 23686187 a prime number?
False
Is 93420497 prime?
True
Is 8845723 prime?
True
Is 1399877 a composite number?
True
Is 117497 composite?
False
Is 6718027 a composite number?
True
Is 56657246 prime?
False
Is 21245083 a composite number?
True
Is 51226993 a composite number?
True
Is 83449987 composite?
True
Is 4724173 prime?
True
Is 715859 a prime number?
True
Is 48738593 a prime number?
False
Is 1928011 a composite number?
False
Is 88531 a composite number?
True
Is 4362821 a prime number?
True
Is 22541477 a composite number?
True
Is 30402601 a composite number?
False
Is 9216101 composite?
False
Is 57056969 prime?
True
Is 76709261 composite?
True
Is 71543 composite?
True
Is 31245221 a prime number?
False
Is 78043571 composite?
False
Is 330136397 a prime number?
True
Is 1708283 prime?
True
Is 13296889 a composite number?
True
Is 19584491 prime?
True
Is 13328261 prime?
True
Is 233583542 composite?
True
Is 19384747 a composite number?
False
Is 24809473 prime?
False
Is 165103 composite?
False
Is 9352643 composite?
True
Is 284942369 a composite number?
False
Is 715617341 prime?
True
Is 213491 a composite number?
False
Is 2003369 a prime number?
False
Is 811241 composite?
False
Is 433841 a prime number?
False
Is 25586713 prime?
True
Is 129245 prime?
False
Is 393196229 a prime number?
False
Is 2291999 a composite number?
False
Is 2187335 prime?
False
Is 1393463 a composite number?
True
Is 12435793 a prime number?
True
Is 1320737 composite?
True
Is 1320581 prime?
False
Is 1233179 composite?
False
Is 774996905 a prime number?
False
Is 105124837 a prime number?
True
Is 231962063 a prime number?
True
Is 602377 composite?
False
Is 4699 a composite number?
True
Is 26309429 composite?
True
Is 1134461 prime?
False
Is 4134263 a prime number?
False
Is 75416491 prime?
False
Is 209287271 composite?
False
Is 429159 a composite number?
True
Is 75910921 prime?
True
Is 4814357 composite?
False
Is 195626777 composite?
False
Is 25058318 composite?
True
Is 3440467 composite?
True
Is 135888413 composite?
False
Is 74289 a prime number?
False
Is 1671217 a composite number?
True
Is 90238 a prime number?
False
Is 29428897 composite?
True
Is 14666929 prime?
False
Is 22620869 composite?
True
Is 30000277 a prime number?
True
Is 14684015 a prime number?
False
Is 175657 prime?
False
Is 4891115 a composite number?
True
Is 55148603 a composite number?
True
Is 458765 a composite number?
True
Is 16209199 a composite number?
False
Is 23106541 prime?
True
Is 4982017 prime?
False
Is 684583 composite?
True
Is 10700297 composite?
False
Is 26792519 a composite number?
True
Is 217468187 a composite number?
True
Is 751101163 prime?
True
Is 165391 prime?
True
Is 1404059 a composite number?
False
Is 24874129 prime?
False
Is 2148421 prime?
False
Is 213503263 composite?
False
Is 15834107 a prime number?
True
Is 11819831 composite?
False
Is 4869929 prime?
True
Is 135476905 a composite number?
True
Is 19902451 composite?
False
Is 1178939485 prime?
False
Is 3751886 a composite number?
True
Is 476977 composite?
False
Is 237889397 composite?
False
Is 15493961 a prime number?
False
Is 28826529 a composite number?
True
Is 2998427 a composite number?
True
Is 74178023 a composite number?
True
Is 265575053 composite?
False
Is 3359947 composite?
True
Is 3263353 a prime number?
True
Is 287843 a prime number?
False
Is 18737023 a prime number?
True
Is 166289 a composite number?
False
Is 10890467 composite?
True
Is 10709177 a composite number?
True
Is 17182787 a prime number?
True
Is 25597261 a prime number?
False
Is 690367 prime?
True
Is 6745009 composite?
False
Is 91306093 prime?
False
Is 49343029 composite?
False
Is 57837191 prime?
False
Is 15508747 prime?
True
Is 3000495001 a composite number?
True
Is 209023 composite?
True
Is 13921907 a composite number?
False
Is 97280369 a composite number?
False
Is 39965803 composite?
False
Is 16105831 a composite number?
True
Is 156476669 composite?
False
Is 36480567 composite?
True
Is 236099869 prime?
True
Is 14284103 a composite number?
False
Is 459452923 composite?
False
Is 834739 a composite number?
True
Is 38303957 a prime number?
True
Is 2498317 a prime number?
False
Is 5056309 composite?
True
Is 316255943 a composite number?
False
Is 59075591 prime?
True
Is 54272567 a prime number?
False
Is 26971871 composite?
False
Is 211619 prime?
True
Is 8730731 prime?
False
Is 1444181 prime?
True
Is 5587847 a prime number?
True
Is 1433099 prime?
False
Is 19208587 prime?
False
Is 624963597 composite?
True
Is 130214921 a composite number?
True
Is 98871647 a composite number?
True
Is 9370951 a prime number?
False
Is 7814013 composite?
True
Is 9566069 prime?
False
Is 170620985 composite?
True
Is 8713141 composite?
False
Is 176058473 composite?
False
Is 113306447 prime?
False
Is 78079945 composite?
True
Is 11009237 composite?
True
Is 35496431 composite?
True
Is 10002589 composite?
False
Is 1246283 composite?
False
Is 7030003 a prime number?
False
Is 48644833 composite?
False
Is 1396657 composite?
False
Is 1803311 a prime number?
False
Is 4080201 prime?
False
Is 13042511 prime?
True
Is 80213713 composite?
True
Is 653197 a prime number?
True
Is 15209897 composite?
False
Is 34659035 prime?
False
Is 43480993 prime?
False
Is 410309 a prime number?
False
Is 528752233 composite?
True
Is 72470793 a prime number?
False
Is 169024433 a composite number?
False
Is 59811911 a prime number?
False
Is 2949467 prime?
True
Is 628381 a prime number?
False
Is 343937333 a composite number?
False
Is 263033747 a prime number?
True
Is 334028221 composite?
False
Is 14074937 a prime number?
True
Is 1168319 a prime number?
True
Is 19428683 a prime number?
False
Is 22587731 composite?
False
Is 8978513 prime?
False
Is 568289 a prime number?
True
Is 13228597 a composite number?
True
Is 38558047 a composite number?
True
Is 158939887 composite?
False
Is 261733 composite?
True
Is 3389147 a prime number?
True
Is 8853043 a composite number?
True
Is 98275433 a composite number?
False
Is 28252603 composite?
False
Is 1039141 composite?
True
Is 19877329 a prime number?
False
Is 1490459 prime?
True
Is 7516541 composite?
True
Is 8569609 prime?
False
Is 4752507 a composite number?
True
Is 80897299 a composite number?
True
Is 118666 prime?
False
Is 148391 prime?
False
Is 7374997 a composite number?
True
Is 37812647 a prime number?
True
Is 2865293 a composite number?
True
Is 8824027 prime?
True
Is 7286311 composite?
False
Is 319425809 a prime number?
True
Is 37844527 composite?
True
Is 7100263 a prime number?
False
Is 36185293 prime?
False
Is 225242591 prime?
False
Is 7952011 a prime number?
True
Is 161884273 a prime number?
True
Is 1564991 prime?
True
Is 2237671 prime?
True
Is 279191519 composite?
False
Is 6285457 composite?
False
Is 9421577 a composite number?
True
Is 18249302 composite?
True
Is 11672129 prime?
False
Is 40438639 composite?
False
Is 35106413 a composite number?
False
Is 10534999 a prime number?
True
Is 5510387 composite?
True
Is 349291 a composite number?
False
Is 3179147 a prime number?
True
Is 683443 prime?
False
Is 1945439 a composite number?
False
Is 29825741 a composite number?
True
Is 582713 composite?
True
Is 605766995 prime?
False
Is 34634579 composite?
True
Is 223799923 composite?
False
Is 3609161 composite?
False
Is 4151831 prime?
False
Is 25216613 composite?
False
Is 282843599 prime?
True
Is 5561419 a composite number?
False
Is 32908303 a composite number?
False
Is 33747799 composite?
False
Is 351959827 a prime number?
True
Is 2757061 composite?
False
Is 6509491 composite?
False
Is 7426661 prime?
False
Is 3114751 composite?
True
Is 11396089 prime?
True
Is 144486101 composite?
False
Is 4804567 a composite number?
False
Is 263850553 composite?
False
Is 5474977 prime?
True
Is 38802835 prime?
False
Is 21853693 prime?
False
Is 220411649 prime?
True
Is 31144681 composite?
False
Is 225549301 a prime